2. Calculate the highest common divisor of 4 and y.
4
Let j be (-201)/(-5) - (-3)/(-15). Calculate the highest common factor of j and 100.
20
Let m(b) = -2*b**3 - b + 5. Let a be m(-4). Suppose -4*s - a = -533. Calculate the greatest common divisor of 9 and s.
9
Let f be (104/(-130))/(-1 + 183/185). What is the greatest common factor of f and 111?
37
Let i be 2*2/(-4) - (-52 - 3). Calculate the greatest common factor of 432 and i.
54
Let s(g) = g**3 + 6*g**2 + 5*g. Let w be s(-4). Let c be 6/(-9) + 128/w. What is the highest common factor of c and 50?
10
Suppose -w = -3*l - 6 - 17, 3*l - 169 = -5*w. What is the highest common factor of w and 16?
16
Let o be (-4 - (-4)/3)/(4/(-6)). Calculate the highest common factor of 24 and o.
4
Let k(o) = -9*o + 3. Let j be k(-5). Let g be 3/(1*(-6)/(-20)). Let s = g - 4. Calculate the highest common factor of s and j.
6
Suppose 7*k = 2*w + 4*k - 11, -5*w + 5*k = -20. Suppose 5*a = 4 + w. Suppose -3*t = -6, -2*o = -3*t - a - 25. What is the highest common divisor of 8 and o?
8
Let n be 4/(-1 + 74*3/216). Calculate the highest common divisor of n and 12.
12
Let d = 3 - 0. Let y(k) = -k**3 - 8*k**2 - 7*k - 1. Let t be y(-7). Let c be 1*(7 + (t - 0)). What is the greatest common divisor of c and d?
3
Suppose -5*p + 60 = -4*c, -3*c = -2*c. What is the greatest common factor of p and 108?
12
Suppose 4*h + 14 - 98 = 0. What is the greatest common divisor of 21 and h?
21
Suppose 0 = -2*q - 3*k + 7, k + 1 = -2. Let g(s) = -s**3 + 9*s**2 + 10*s - 5. Let j be g(q). Let x = j + -40. What is the highest common divisor of x and 9?
9
Let s = 52 - -158. Suppose h + h = s. What is the greatest common factor of 21 and h?
21
Suppose 0 = 2*f - 4*f + 16. Let r = 10 - f. Suppose 5*g = -3*h + 14, 2*h + 3*g + 6 = 5*h. Calculate the highest common factor of h and r.
1
Suppose 5*l + 70 = -r, -4*r - 10 = -2*r. Let d = l - -22. What is the greatest common factor of d and 63?
9
Let b be (-12)/(-15)*(0 + (-175)/(-10)). Calculate the greatest common divisor of 70 and b.
14
Let u = 6 - 5. Let l(q) = 67*q**3 - q. Let b be l(u). Calculate the highest common factor of 6 and b.
6
Let z = 16 + -14. Calculate the greatest common divisor of 2 and z.
2
Let y = 8 + 1. Calculate the greatest common factor of y and 3.
3
Let l be (126/(-27))/((-4)/78). Suppose 173 + l = 2*z. Calculate the greatest common factor of z and 12.
12
Let v(s) be the second derivative of 3*s**4/4 + s**3/2 - s**2 - s. Let m be v(-4). Suppose -y = -6*y + m. What is the greatest common factor of 39 and y?
13
Suppose 5*u - 3*u = q + 3, -5*u = 3*q - 13. Let j be (-1 - -14)*(-1 + u). Suppose r - 78 = -2*r. What is the greatest common divisor of j and r?
13
Let u = -10 - -10. Suppose u = -2*z + 4, -3*z = 4*y - 2*z - 110. Calculate the highest common divisor of 9 and y.
9
Let m be (-6 - 21/(-4)) + 243/4. Calculate the highest common divisor of 75 and m.
15
Let b(q) = -q - q**2 + 2*q**2 + 9 - q. Let x be b(3). Let p be 2/(-8) + 33/4. Calculate the greatest common divisor of p and x.
4
Let x(f) = -f - 1. Suppose i + 1 + 0 = 0. Let y(p) = 3*p - 20. Let d(g) = i*y(g) - 4*x(g). Let s be d(0). What is the highest common divisor of s and 16?
8
Let c be (-1588)/(-18) + 2/(-9). Suppose 3*u = j + 3*j + 33, -22 = -2*u + j. Calculate the greatest common divisor of c and u.
11
Let u be (-21)/(-6) + (-3)/(-6). Calculate the highest common divisor of 16 and u.
4
Suppose 2*q + 612 = 6*q. Calculate the greatest common divisor of q and 17.
17
Let g be 6 + (3 - 6) + 1. Suppose -g*f = -0*f - 24. Let b be 4/2 - -11*2. Calculate the highest common factor of f and b.
6
Suppose 3*k + 4*z - 33 = -0*k, 2*k - 2*z - 8 = 0. What is the greatest common divisor of 7 and k?
7
Let a(k) = -k**2 - 3*k - 5. Suppose 0 = 3*l + 30 - 12. Let t be a(l). Let r = t + 41. What is the highest common factor of 72 and r?
18
Suppose 2*u = 3*u - 8. Let j = -3 - -5. Calculate the highest common factor of j and u.
2
Let c(b) = -b**3 + 25*b**2 - 25*b + 27. Let k be c(24). Calculate the greatest common factor of k and 12.
3
Let p = -77 + 114. Suppose 2*a - p = -7. Let h be -1 - (-20)/5 - -132. What is the highest common divisor of a and h?
15
Let q(c) = -c**3 + 9*c**2 - 8*c + 5. Let w be q(8). Let r(k) = -k**3 + 7*k**2 - 3*k + 5. Let a be r(w). Calculate the highest common factor of 5 and a.
5
Suppose a - 11 - 16 = -4*l, 0 = 4*a - 4*l - 28. Let r = -19 - -118. What is the greatest common divisor of a and r?
11
Suppose -2*a = 3*f - 129, 2*f + 3*f - 228 = a. Calculate the greatest common divisor of f and 18.
9
Let x(w) = -31*w - 11. Let n be x(-6). Calculate the greatest common factor of 25 and n.
25
Suppose 3*m - 43 + 7 = 0. Calculate the greatest common divisor of m and 30.
6
Suppose 2*o + 0*k - k - 16 = 0, -4*o - 2*k = -24. Let f = 41 + o. What is the greatest common divisor of f and 12?
12
Let l(u) be the third derivative of -u**6/120 + u**5/10 - u**4/8 - u**2. Let h be l(4). What is the greatest common factor of 60 and h?
20
Suppose 6 = 2*i - 0. Suppose -77 = -3*t - 5*x, 2*t + i*x = 72 - 19. What is the highest common divisor of 17 and t?
17
Let c = 108 + -48. Let o = c - 16. Calculate the highest common factor of 4 and o.
4
Let g(w) = -w**2 - w + 2. Let k be g(2). Let i = -1 - k. What is the greatest common factor of 9 and i?
3
Suppose -272 = -4*l - 5*h, 4*l - h - 2*h - 240 = 0. Calculate the highest common factor of 7 and l.
7
Let f = 21 - 13. Calculate the greatest common factor of 56 and f.
8
Suppose -5*l + 40 = -4*w, w = -2*l + 5*l - 17. Calculate the highest common factor of 2 and l.
2
Let z be (4/2)/(8/(-60)). Let c = z - -27. Calculate the highest common factor of 96 and c.
12
Suppose 0 = -3*v - v - 12. Let s(k) = -k**2 - 3*k - 4. Let m be s(v). Let d(l) = -3*l + 5. Let x be d(m). What is the highest common divisor of 85 and x?
17
Let t be (-1)/(1*2/(-6)). Suppose 8 + 4 = t*v. Calculate the highest common divisor of v and 6.
2
Let g be (-2)/((-4)/6)*1. Suppose 5*t - 107 = -4*b, -b - 3*t = -0*b - 18. Calculate the greatest common factor of g and b.
3
Let v(q) = -4*q - 17. Let z be v(-7). Calculate the greatest common divisor of 99 and z.
11
Let p(k) = -k**2 + 12*k - 30. Let z be p(8). Calculate the greatest common divisor of 20 and z.
2
Let p = 14 - 13. Let o be (p - -1 - -2)*2. Calculate the greatest common divisor of 8 and o.
8
Let w(u) = -u**2 - 11*u - 16. Let z be w(-7). What is the greatest common factor of 84 and z?
12
Let t(c) be the first derivative of -c**4/4 + 10*c**3/3 + 15*c**2/2 - 10*c - 1. Let l be t(10). What is the highest common factor of 20 and l?
20
Let g be (-4)/(-6)*18/4. Let u be (-1 + 7)*g*2. Let i(c) = c**3 - c**2 + 4*c - 3. Let r be i(2). What is the greatest common factor of r and u?
9
Let o(x) = x**2 + 10*x + 12. Let c be o(-10). What is the highest common divisor of 12 and c?
12
Let l = 530 + -359. Let g = l + 32. Calculate the greatest common divisor of 29 and g.
29
Let h be -1 + (1 - -1) - -155. Suppose 0 = -5*z + 4*c - h, 11 = -4*z + c - 105. Let j = 48 + z. What is the greatest common divisor of j and 20?
20
Let t(u) = u**3 + u**2 + u + 132. Let d be t(0). Suppose -5*s + 55 = -5. Calculate the highest common factor of s and d.
12
Let p(a) = -a**3 + 9*a**2 + 11*a + 16. Let n be p(10). Calculate the greatest common divisor of 39 and n.
13
Suppose h = -3*h + 112. Let v be ((-5)/(-10))/(1/140). Calculate the highest common divisor of h and v.
14
Let k = -178 + 253. What is the greatest common divisor of 50 and k?
25
Let h be 0 + (100 - 0/(-2)). Let j(o) = -o**2 - 11*o - 8. Let z be j(-7). What is the greatest common divisor of h and z?
20
Let x = 31 - 28. Calculate the highest common divisor of 21 and x.
3
Let g be (6/(-10))/((-12)/360). Calculate the highest common factor of 90 and g.
18
Suppose 3*s = -4*o + 28, -2*o + 6 + 8 = 2*s. Let d = 35 - o. What is the greatest common factor of d and 14?
14
Suppose 2*z = -2*p + 56, 5*p = -3*z + 6*z + 124. Let g be (0 + (-273)/6)*-4. What is the greatest common factor of g and p?
26
Suppose -4*i + 3*g = 12, -2*i + g = 4 - 0. Suppose i = -3*w + 34 - 13. What is the highest common divisor of w and 35?
7
Let y = 5 + 17. What is the highest common divisor of 22 and y?
22
Let u = 128 - 83. Suppose -4*c = 5*z - u, -c - 2*c = -z - 10. Calculate the greatest 